 is the tens digit of i?
2
Suppose 563 = 7*i - 1012. What is the hundreds digit of i?
2
Let z = 2 - 2. Let k be 1 + z + -3 - -5. Suppose -41 = -2*t - 3*q, -t + k*q = -17 - 8. What is the units digit of t?
2
Let i(k) = 27*k. Let c be i(1). Let y be 2 - (4 + -3 - 3). What is the tens digit of c/(3 - y)*-1?
2
Let v = 703 + -434. What is the tens digit of v?
6
Let a(p) = -2*p - 9. Let i be (-2715)/(-60) - (-1)/(-4). Suppose -29*t = -24*t + i. What is the units digit of a(t)?
9
What is the tens digit of 1302/4 - (-19)/38?
2
Let n(m) = 15*m**3 - 6*m**2 + 11*m + 58. What is the tens digit of n(7)?
8
Suppose -23 = l - u + 59, -5*l - 2*u - 403 = 0. Let p = l + 266. What is the units digit of p?
5
Let m be (-2)/(2 - 3)*22. Let u = m + 52. Let o = u - 15. What is the units digit of o?
1
What is the tens digit of (18/(-12))/(2/(-612))?
5
Let k = 25 + -22. Suppose -k*r = -179 + 17. What is the tens digit of r?
5
Let k = -6 + 49. Let r = -21 + k. What is the tens digit of -1*(-5)/(5/r)?
2
Suppose 12517 = 10*g + 1787. What is the units digit of g?
3
Suppose 3*v - 4 = 2. Suppose 0 = -v*r - 55 - 3. Let m = -16 - r. What is the units digit of m?
3
Let j = 41 + -4. Let l = -23 + j. What is the units digit of l?
4
Suppose -4*b - 36 = -2*p, 16 = 3*b + 3*p + 52. Let k be (-4)/18 - 74/(-9). What is the tens digit of (k/b)/((-2)/25)?
1
What is the units digit of (-10)/(-25) - (-1648)/(-20)*-4?
0
What is the tens digit of (4/8)/(((-21)/10524)/(-7))?
5
Let n(u) = -u**2 - 22*u + 49. Let l(q) = -q**2 + 7*q + 39. Let j be l(12). What is the tens digit of n(j)?
7
Suppose -16 = -4*u + 424. Suppose 8*g - 34 = u. What is the tens digit of g?
1
Suppose 16*f = -3*f + 7543. What is the tens digit of f?
9
Let r = -184 - -319. What is the tens digit of r?
3
Let k = 168 + -178. What is the hundreds digit of 2/k - ((-5916)/30 - 6)?
2
Let f(r) = -47*r**2 + r - 2. Let d be f(1). Let j = 97 - d. What is the hundreds digit of j?
1
Suppose 0 = -5*z - 15*z + 10300. What is the tens digit of z?
1
Let r(z) = -28*z**3 - 5*z**2 + 5*z + 7. What is the tens digit of r(-3)?
0
Let z(l) = -4*l**3 + 10*l**2 - 6*l + 9. Let t(c) = 3*c**3 - 10*c**2 + 6*c - 9. Let u(f) = -3*t(f) - 2*z(f). What is the units digit of u(9)?
6
Let s(g) = -g**2 + 8*g - 22. Let i be s(10). Let t be 666/i - (-2)/(-14). What is the tens digit of (-528)/(-6)*(-12)/t?
6
Suppose -5*h - 744 = -9*h. Suppose 3*g - 57 = h. What is the units digit of g?
1
Suppose -6*k = -3*c - 7*k + 3674, -2*k = 8. What is the tens digit of c?
2
Suppose 9*a = -2*y + 4*a - 88, 4*y + 228 = 3*a. Let d = y + 26. Let t = 39 + d. What is the tens digit of t?
1
Let i(g) = -4*g**3 - 14*g**2 + 6*g + 6. What is the tens digit of i(-7)?
5
Suppose 428 = 3*k - 1285. What is the units digit of k?
1
Suppose -5860 = -3*m - 4*w, 3*w = -98*m + 102*m - 7855. What is the units digit of m?
0
Let b = 20 + -23. Let l = 1 - b. Suppose 7*f - l*f - 45 = 0. What is the tens digit of f?
1
Let w(u) = 6*u + 4. Let b(l) = 11*l - 15*l + 3*l. Let f(h) = -4*b(h) - 2*w(h). What is the tens digit of f(-9)?
6
Let d = -14 + 24. Suppose 2*l - 37 = -4*i + 105, 5*i = d. What is the tens digit of l?
6
Let d(z) be the first derivative of 2*z**3/3 + 2*z**2 + 11*z - 26. What is the tens digit of d(-3)?
1
Let g(b) = -7*b**3 - 4*b**2 + 2*b + 90. Let l(u) = -3*u**3 - 2*u**2 + u + 45. Let z(f) = -4*g(f) + 9*l(f). What is the tens digit of z(0)?
4
Let v(c) = c**2 + 16*c + 16. Let g be v(-15). Suppose 0 = q - g - 15. What is the tens digit of q?
1
Let f(w) = -3*w - 24. Let z(n) = 13*n + 94. Let q(j) = -9*f(j) - 2*z(j). What is the units digit of q(4)?
2
Let n(f) = 332*f + 11. What is the tens digit of n(2)?
7
Suppose 0 = 4*v - 5*v. Suppose 2*m - 4*y = 25 - 5, -m + y + 6 = v. Suppose 3*b + 2*r - 22 = -m*r, 3*r + 27 = 5*b. What is the units digit of b?
6
Suppose 2*y - 4*s = 24, 3*s = -0*y + 5*y - 25. Suppose -y*j - 3*j + 221 = 4*w, 0 = j - 1. What is the tens digit of w?
5
Let v = 50 + -56. What is the tens digit of (-578)/v - (6 + 160/(-24))?
9
Let a be 2/15 - 27280/(-150). Let q = 341 - a. What is the units digit of q?
9
Let q(g) = 2*g + 37. Let t be q(-16). Suppose -t*r = 2*z - 176, 3*z - r - 253 = -3*r. What is the tens digit of z?
8
Suppose -5*w = 3*k - 4*k + 52, k + 3*w = 28. Suppose -23 - k = -o. What is the units digit of o?
0
Suppose -g + 13 = -7. Let f = 71 - g. Let t = f + -18. What is the units digit of t?
3
Suppose 2*u - 170 = -k - u, 3*u - 486 = -3*k. What is the hundreds digit of k?
1
Suppose 2*h = 241 + 163. What is the hundreds digit of h?
2
Let t(b) = 8*b**2 + b + 5. Let q be t(-2). Let w = q + -13. What is the tens digit of w?
2
What is the units digit of (-20 + 26)/(3/441)?
2
Let i = -5 - -7. Let m = i + 1. Let h = m + 6. What is the units digit of h?
9
Suppose 122*h = 132*h - 8590. What is the tens digit of h?
5
Let s = 10 - 8. Let m be -5 + s - 1*-7. Suppose 4*k - 3 - 1 = 2*g, 2*g = -m*k + 12. What is the units digit of g?
2
Let q = -2 - 1. Let a(s) = -s**3 + 3*s**2 + 2*s + 5. Let m be a(4). What is the units digit of m + (18 - 3/q)?
6
Let m = 1 + -5. What is the tens digit of 5*(m + 176/20)?
2
Suppose 0 = -11*t - 55*t + 282414. What is the thousands digit of t?
4
Suppose -2*i - 5*k = -4*i, -k = -4*i. Let f be i - (5*-5 - 1). Suppose 12 = v - z - z, -f = -3*v - 4*z. What is the units digit of v?
0
Let u(l) = -l**3 - l + 4. Let o be u(0). Suppose 23 - 3 = o*w. Suppose -w*x + 13 = -112. What is the units digit of x?
5
Let j be 0/(-6) + -1*1. Let x be 2*j*(-22)/(-4). Let s = 19 + x. What is the units digit of s?
8
Let h(f) be the third derivative of 0 - 3/2*f**3 - 1/60*f**5 - 3*f**2 - 13/24*f**4 + 0*f. What is the tens digit of h(-8)?
3
Suppose -12 = -3*r, 19*t - 23*t - r + 92 = 0. What is the units digit of t?
2
Suppose -41*c = -40*c - 969. What is the units digit of c?
9
Let a = 23 - 18. Suppose -a*q + 269 - 14 = 0. What is the units digit of q?
1
Let q be (-3)/((21/(-4))/7). Suppose -z - f = -167, -4*f - 647 = -q*z - f. What is the hundreds digit of z?
1
Suppose 5*t = -s - 4*s + 1660, -3*t - 336 = -s. What is the hundreds digit of s?
3
Let v(m) = -m**2 + 7*m - 6. Let g(u) = 2*u**2 - 8*u + 7. Let i(w) = 2*g(w) + 3*v(w). Let o be i(3). Suppose -o + 4 = -2*z. What is the units digit of z?
8
Let x = -542 + 3640. What is the units digit of x?
8
Suppose 3*a - 5*l = -244 + 1437, -2*a + 788 = 4*l. What is the tens digit of a?
9
Suppose 19*p - 636 = 23*p. Let n = 223 + p. What is the tens digit of n?
6
Suppose -15*m = -10*m + 115. Let h = m + 122. Let f = -36 + h. What is the tens digit of f?
6
Suppose 511 = x + 128. What is the hundreds digit of x?
3
What is the units digit of (-96)/(-48) + (596 - 0/2)?
8
Suppose -4*b + 19 = -0*u - 5*u, -2*u = -2*b + 8. What is the units digit of (b + (-21)/(-9))*12*3?
0
Let u be (-1)/(-4 + 3)*2. Suppose -u = -5*h + 18, h = -2*b - 110. Let o = b + 115. What is the units digit of o?
8
Suppose -w = -b + w + 8, 4*b - 3*w = 42. What is the units digit of 345/(-10)*b/(-9)?
6
Let u = 378 + -92. Suppose 4*v = 3*v + u. What is the hundreds digit of v?
2
Suppose 5*g - l = 4354, 5*g - 2614 = 2*g - l. What is the hundreds digit of g?
8
Let i(b) = 3*b - 7 + b**3 + 10*b**3 + b**3 + 2*b**2 + b. What is the tens digit of i(2)?
0
Let f(s) = -20*s + 7*s + 9*s + 9*s + s + 15. Suppose -4*a + 20 = -0*a. What is the tens digit of f(a)?
4
Suppose 0*z + 3*z = 3*a + 42, 5*z = -2*a + 56. What is the units digit of z?
2
Let o(h) be the first derivative of -4*h**3 + h**2/2 - 2*h + 4. Let u(g) be the first derivative of o(g). What is the tens digit of u(-1)?
2
Suppose 10 = x + x + r, -3*x - 5*r = -29. Suppose x*d - 3 = 3*o, 4*d - 10 = 2*o - o. Suppose 0 = -o*n + 2 + 8. What is the units digit of n?
5
What is the units digit of (-11 - 24/8)/(12/(-3594))?
3
Suppose -3*z + 477 = -3*r, 0*r + 630 = 4*z - r. Let s = z - 107. What is the units digit of s?
0
Let p = 11 + -7. What is the units digit of 69 + (-1 - -2) + p?
4
Let q be 8/(-10)*(-10)/4. Suppose 0 = 2*w - 3*l + 13, -q*w - l = -4*w - 3. What is the tens digit of (7 + w)/((-8)/(-12))?
1
Let o be 1 - (2/(-2) - -2). Let n(h) = -4*h + 9 + o*h - 3. What is the units digit of n(-4)?
2
Suppose -t = -270 - 615. Suppose 4*c = -c + t. What is the units digit of c?
7
Suppose -2 = -0*y - y. Let d(n) = 2 + n**3 - 15*n**2 + 30*n**2 + 0*n**3